{"id":8,"date":"2014-05-22T15:27:55","date_gmt":"2014-05-22T14:27:55","guid":{"rendered":"http:\/\/localhost\/torrelleswp\/?page_id=8"},"modified":"2019-08-06T23:22:34","modified_gmt":"2019-08-06T22:22:34","slug":"acords-drets-i-obligacions-dus-i-asistencia-al-taller","status":"publish","type":"page","link":"http:\/\/torrellesisart.cat\/es\/acuerdos-derechos-y-obligaciones-de-uso-y-asistencia-al-taller\/","title":{"rendered":"Acuerdos, derechos y obligaciones de uso y asistencia al taller"},"content":{"rendered":"<ul>\n<li>Este taller est\u00e1 concebido como un espacio donde poder desarrollar el trabajo y las aspiraciones art\u00edstico-constructivas de sus integrantes.<\/li>\n<li>El taller tiene dos personas titulares (Mart\u00ed Romero Torrelles y Francesc Planas Isart), las cuales tienen poder decisorio en cualquier caso de conflicto o desacuerdo. Entre las funciones de los titulares del taller figuran la apertura y cierre del taller, el uso y mantenimiento de la maquinaria, el derecho de admisi\u00f3n\u2026<\/li>\n<li>Los integrantes del taller ser\u00e1n considerados como amigos usuarios, y en ning\u00fan caso ser\u00e1n socios, ni alumnos, ni disc\u00edpulos, o cualquier denominaci\u00f3n similar.<\/li>\n<li>Cada usuario tiene la decisi\u00f3n libre de asistir al taller dentro del calendario y horario que cada uno escoja y acuerde con los titulares.<\/li>\n<li>Cada usuario se hace responsable de los riesgos, accidentes o desperfectos que pueda ocasionar, en ning\u00fan caso esta responsabilidad recaer\u00e1 en las personas titulares del taller.<\/li>\n<li>La maquinaria solo la pueden usar los titulares del taller, por lo tanto, queda prohibido su uso por los usuarios, y en el caso que se hiciera ser\u00e1 siempre bajo la responsabilidad de estos \u00faltimos.<\/li>\n<li>El taller se mantiene gracias a las colaboraciones econ\u00f3micas de los usuarios integrantes. Cada usuario aportar\u00e1 una cantidad mensual fijada por las personas titulares del taller como ayuda econ\u00f3mica por los gastos del taller (agua, luz, alquiler del local, maquinaria, instalaciones, asesor\u00eda, etc.) que equivaldr\u00e1n a las horas de asistencia que cada uno tiene programadas.<\/li>\n<li>El impago de la colaboraci\u00f3n econ\u00f3mica significar\u00e1 la prohibici\u00f3n de entrada al taller y la retenci\u00f3n de herramientas y materiales que est\u00e9n depositados hasta la satisfacci\u00f3n de la deuda.<\/li>\n<li>En el plazo de tres meses de ausencia y\/o impago los titulares del taller dispondr\u00e1n de todo lo que est\u00e9 depositado, y no tendr\u00e1n ninguna obligaci\u00f3n de guardar o restituir bienes, herramientas o materiales.<\/li>\n<li>Los usuarios del taller tienen el derecho de asistencia, de uso de las instalaciones, de soporte t\u00e9cnico por parte de los titulares del taller, de uso de la biblioteca y planos, de uso de las herramientas de mano, aunque se recomienda que poco a poco cada usuario se vaya equipando con sus propias herramientas.<\/li>\n<li>Los usuarios del taller se har\u00e1n cargo de la adquisici\u00f3n de sus propios materiales:\n<ol>\n<li>Maderas<\/li>\n<li>Colas<\/li>\n<li>Barnices y pinceles<\/li>\n<li>Abrasivos y lijas<\/li>\n<li>Productos qu\u00edmicos diversos (tintes, saneadores, desinfectantes, ceras, decapantes\u2026)<\/li>\n<li>Accesorios, elementos de ferreter\u00eda i herramientas espec\u00edficas que el taller no disponga.<\/li>\n<li>Otros<\/li>\n<\/ol>\n<li>Los usuarios del taller tienen la obligaci\u00f3n de observar y aplicar todas las medidas de seguridad, de colaborar en el mantenimiento, conservaci\u00f3n y limpieza de las instalaciones, de colaborar econ\u00f3micamente en los gastos.<\/li>\n<li>Se prev\u00e9 que el taller est\u00e9 disponible en turnos de ma\u00f1ana y\/o tarde y el calendario se adaptar\u00e1 al calendario escolar vigente.<\/li>\n<li>Para cada sesi\u00f3n se calcula una media de 4 horas y el n\u00famero de sesiones. Si se diera el caso de que en un mes hubiera un quinto dia estas sesiones se guardaran como d\u00edas extras y se reservaran por si alguna sesi\u00f3n no se pudiera realizar tanto por parte del usuario o de alguno de los titulares. Si estos d\u00edas extras no se usaran se descontaran a los usuarios durante el mes de junio y \/ o el mes de diciembre.<\/li>\n<li>En el caso, por parte de los titulares del taller, de tener que suspender la asistencia por causa de salud o imposibilidad  horaria se procurar\u00e1 recuperar estas horas de acuerdo con los afectados, en ning\u00fan caso habr\u00e1 un reembolso econ\u00f3mico. La no asistencia por parte de los usuarios no ser\u00e1 recuperable.<\/li>\n<li>Los titulares del taller se reservan el derecho de cierre del taller una hora antes del horario acordado en el caso que ning\u00fan usuario haya asistido ese d\u00eda.<\/li>\n<li>Los usuarios del taller podr\u00e1n disponer excepcionalmente de las instalaciones fuera de su horario habitual siempre que sea posible y se acuerde con alguno de los titulares.<\/li>\n<li>Los titulares del taller declinan atender y no se hacen responsables de ning\u00fan tipo de petici\u00f3n, denuncia por da\u00f1os o perjuicios de los usuarios integrantes del taller.<\/li>\n<\/ul>\n<p>El abajo firmante declara haber le\u00eddo y haber comprendido y acepta los acuerdos, derechos y obligaciones expuestos en este <a href=\"http:\/\/torrellesisart.cat\/wp-content\/uploads\/2014\/05\/acuerdos.pdf\">documento.<\/a><\/p>\n","protected":false},"excerpt":{"rendered":"<p>Este taller est\u00e1 concebido como un espacio donde poder desarrollar el trabajo y las aspiraciones art\u00edstico-constructivas de sus integrantes. El taller tiene dos personas titulares (Mart\u00ed Romero Torrelles y Francesc <a class=\"more-link\" href=\"http:\/\/torrellesisart.cat\/es\/acuerdos-derechos-y-obligaciones-de-uso-y-asistencia-al-taller\/\">Leer m&aacute;s &rarr;<\/a><\/p>\n","protected":false},"author":1,"featured_media":0,"parent":0,"menu_order":0,"comment_status":"closed","ping_status":"closed","template":"","meta":{"footnotes":""},"_links":{"self":[{"href":"http:\/\/torrellesisart.cat\/es\/wp-json\/wp\/v2\/pages\/8"}],"collection":[{"href":"http:\/\/torrellesisart.cat\/es\/wp-json\/wp\/v2\/pages"}],"about":[{"href":"http:\/\/torrellesisart.cat\/es\/wp-json\/wp\/v2\/types\/page"}],"author":[{"embeddable":true,"href":"http:\/\/torrellesisart.cat\/es\/wp-json\/wp\/v2\/users\/1"}],"replies":[{"embeddable":true,"href":"http:\/\/torrellesisart.cat\/es\/wp-json\/wp\/v2\/comments?post=8"}],"version-history":[{"count":5,"href":"http:\/\/torrellesisart.cat\/es\/wp-json\/wp\/v2\/pages\/8\/revisions"}],"predecessor-version":[{"id":492,"href":"http:\/\/torrellesisart.cat\/es\/wp-json\/wp\/v2\/pages\/8\/revisions\/492"}],"wp:attachment":[{"href":"http:\/\/torrellesisart.cat\/es\/wp-json\/wp\/v2\/media?parent=8"}],"curies":[{"name":"wp","href":"https:\/\/api.w.org\/{rel}","templated":true}]}}

<ul>
<li>Este taller está concebido como un espacio donde poder desarrollar el trabajo y las aspiraciones artístico-constructivas de sus integrantes.</li>
<li>El taller tiene dos personas titulares (Martí Romero Torrelles y Francesc Planas Isart), las cuales tienen poder decisorio en cualquier caso de conflicto o desacuerdo. Entre las funciones de los titulares del taller figuran la apertura y cierre del taller, el uso y mantenimiento de la maquinaria, el derecho de admisión…</li>
<li>Los integrantes del taller serán considerados como amigos usuarios, y en ningún caso serán socios, ni alumnos, ni discípulos, o cualquier denominación similar.</li>
<li>Cada usuario tiene la decisión libre de asistir al taller dentro del calendario y horario que cada uno escoja y acuerde con los titulares.</li>
<li>Cada usuario se hace responsable de los riesgos, accidentes o desperfectos que pueda ocasionar, en ningún caso esta responsabilidad recaerá en las personas titulares del taller.</li>
<li>La maquinaria solo la pueden usar los titulares del taller, por lo tanto, queda prohibido su uso por los usuarios, y en el caso que se hiciera será siempre bajo la responsabilidad de estos últimos.</li>
<li>El taller se mantiene gracias a las colaboraciones económicas de los usuarios integrantes. Cada usuario aportará una cantidad mensual fijada por las personas titulares del taller como ayuda económica por los gastos del taller (agua, luz, alquiler del local, maquinaria, instalaciones, asesoría, etc.) que equivaldrán a las horas de asistencia que cada uno tiene programadas.</li>
<li>El impago de la colaboración económica significará la prohibición de entrada al taller y la retención de herramientas y materiales que estén depositados hasta la satisfacción de la deuda.</li>
<li>En el plazo de tres meses de ausencia y/o impago los titulares del taller dispondrán de todo lo que esté depositado, y no tendrán ninguna obligación de guardar o restituir bienes, herramientas o materiales.</li>
<li>Los usuarios del taller tienen el derecho de asistencia, de uso de las instalaciones, de soporte técnico por parte de los titulares del taller, de uso de la biblioteca y planos, de uso de las herramientas de mano, aunque se recomienda que poco a poco cada usuario se vaya equipando con sus propias herramientas.</li>
<li>Los usuarios del taller se harán cargo de la adquisición de sus propios materiales:
<ol>
<li>Maderas</li>
<li>Colas</li>
<li>Barnices y pinceles</li>
<li>Abrasivos y lijas</li>
<li>Productos químicos diversos (tintes, saneadores, desinfectantes, ceras, decapantes…)</li>
<li>Accesorios, elementos de ferretería i herramientas específicas que el taller no disponga.</li>
<li>Otros</li>
</ol>
<li>Los usuarios del taller tienen la obligación de observar y aplicar todas las medidas de seguridad, de colaborar en el mantenimiento, conservación y limpieza de las instalaciones, de colaborar económicamente en los gastos.</li>
<li>Se prevé que el taller esté disponible en turnos de mañana y/o tarde y el calendario se adaptará al calendario escolar vigente.</li>
<li>Para cada sesión se calcula una media de 4 horas y el número de sesiones. Si se diera el caso de que en un mes hubiera un quinto dia estas sesiones se guardaran como días extras y se reservaran por si alguna sesión no se pudiera realizar tanto por parte del usuario o de alguno de los titulares. Si estos días extras no se usaran se descontaran a los usuarios durante el mes de junio y / o el mes de diciembre.</li>
<li>En el caso, por parte de los titulares del taller, de tener que suspender la asistencia por causa de salud o imposibilidad  horaria se procurará recuperar estas horas de acuerdo con los afectados, en ningún caso habrá un reembolso económico. La no asistencia por parte de los usuarios no será recuperable.</li>
<li>Los titulares del taller se reservan el derecho de cierre del taller una hora antes del horario acordado en el caso que ningún usuario haya asistido ese día.</li>
<li>Los usuarios del taller podrán disponer excepcionalmente de las instalaciones fuera de su horario habitual siempre que sea posible y se acuerde con alguno de los titulares.</li>
<li>Los titulares del taller declinan atender y no se hacen responsables de ningún tipo de petición, denuncia por daños o perjuicios de los usuarios integrantes del taller.</li>
</ul>
<p>El abajo firmante declara haber leído y haber comprendido y acepta los acuerdos, derechos y obligaciones expuestos en este <a href="http://torrellesisart.cat/wp-content/uploads/2014/05/acuerdos.pdf">documento.</a></p>

<p>Este taller está concebido como un espacio donde poder desarrollar el trabajo y las aspiraciones artístico-constructivas de sus integrantes. El taller tiene dos personas titulares (Martí Romero Torrelles y Francesc <a class="more-link" href="http://torrellesisart.cat/es/acuerdos-derechos-y-obligaciones-de-uso-y-asistencia-al-taller/">Leer m&aacute;s &rarr;</a></p>
