{"id":19,"date":"2014-05-22T16:22:32","date_gmt":"2014-05-22T15:22:32","guid":{"rendered":"http:\/\/localhost\/torrelleswp\/?page_id=19"},"modified":"2014-06-27T18:14:42","modified_gmt":"2014-06-27T17:14:42","slug":"els-instruments-musicals-les-eines-de-fer-musica","status":"publish","type":"page","link":"http:\/\/torrellesisart.cat\/es\/los-instrumentos-musicales-las-herramientas-para-hacer-musica\/","title":{"rendered":"Los instrumentos musicales, las herramientas para hacer m\u00fasica"},"content":{"rendered":"<p>\u00bfPor qu\u00e9 suena un instrumento musical? \u00bfQu\u00e9 materiales intervienen? \u00bfQu\u00e9 maderas? \u00bfC\u00f3mo se construye?<\/p>\n<p>Todas estas preguntas tienen respuesta en una charla amena, l\u00fadica y divertida sobre los instrumentos musicales de la mano de Mart\u00ed Romero, luthier y profesor de construcci\u00f3n de instrumentos musicales de la Escola Municipal d\u2019 Art i Disseny de Terrassa.<\/p>\n<p><a href=\"\/wp-content\/uploads\/2014\/05\/Nickelharpa-Saltiri-darquet-i-Viola-de-roda.jpg\"><img decoding=\"async\" loading=\"lazy\" src=\"\/wp-content\/uploads\/2014\/05\/Nickelharpa-Saltiri-darquet-i-Viola-de-roda-290x300.jpg\" alt=\"Nickelharpa-Saltiri-d&#039;arquet-i-Viola-de-roda\" width=\"290\" height=\"300\" class=\"alignnone size-medium wp-image-21\" srcset=\"http:\/\/torrellesisart.cat\/wp-content\/uploads\/2014\/05\/Nickelharpa-Saltiri-darquet-i-Viola-de-roda-290x300.jpg 290w, http:\/\/torrellesisart.cat\/wp-content\/uploads\/2014\/05\/Nickelharpa-Saltiri-darquet-i-Viola-de-roda.jpg 416w\" sizes=\"(max-width: 290px) 100vw, 290px\" \/><\/a><\/p>\n<p>La charla tiene una duraci\u00f3n de 1h a 1:30 h donde los alumnos podr\u00e1n aprender y manipular distintos materiales usados en la construcci\u00f3n de instrumentos musicales. Al final de la sesi\u00f3n se har\u00e1 una peque\u00f1a audici\u00f3n de instrumentos ya realizados y de presencia poco usual como la zanfona, el tambor de cuerdas (chicot\u00e9n), el salterio de arco o la nyckelharpa.<\/p>\n<p>Los alumnos interact\u00faan y participan de la charla y pueden preguntar cualquier cuesti\u00f3n sobre el tema. La conferencia est\u00e1 indicada para las asignaturas de m\u00fasica y tecnolog\u00eda.<\/p>\n<p>La sesi\u00f3n se puede desarrollar en cualquier espacio o aula donde los alumnos puedan estar sentados, i no precisa de ning\u00fan soporte t\u00e9cnico ni inform\u00e1tico.<\/p>\n","protected":false},"excerpt":{"rendered":"<p>\u00bfPor qu\u00e9 suena un instrumento musical? \u00bfQu\u00e9 materiales intervienen? \u00bfQu\u00e9 maderas? \u00bfC\u00f3mo se construye? Todas estas preguntas tienen respuesta en una charla amena, l\u00fadica y divertida sobre los instrumentos musicales <a class=\"more-link\" href=\"http:\/\/torrellesisart.cat\/es\/los-instrumentos-musicales-las-herramientas-para-hacer-musica\/\">Leer m&aacute;s &rarr;<\/a><\/p>\n","protected":false},"author":1,"featured_media":71,"parent":0,"menu_order":0,"comment_status":"closed","ping_status":"closed","template":"","meta":{"footnotes":""},"_links":{"self":[{"href":"http:\/\/torrellesisart.cat\/es\/wp-json\/wp\/v2\/pages\/19"}],"collection":[{"href":"http:\/\/torrellesisart.cat\/es\/wp-json\/wp\/v2\/pages"}],"about":[{"href":"http:\/\/torrellesisart.cat\/es\/wp-json\/wp\/v2\/types\/page"}],"author":[{"embeddable":true,"href":"http:\/\/torrellesisart.cat\/es\/wp-json\/wp\/v2\/users\/1"}],"replies":[{"embeddable":true,"href":"http:\/\/torrellesisart.cat\/es\/wp-json\/wp\/v2\/comments?post=19"}],"version-history":[{"count":3,"href":"http:\/\/torrellesisart.cat\/es\/wp-json\/wp\/v2\/pages\/19\/revisions"}],"predecessor-version":[{"id":480,"href":"http:\/\/torrellesisart.cat\/es\/wp-json\/wp\/v2\/pages\/19\/revisions\/480"}],"wp:featuredmedia":[{"embeddable":true,"href":"http:\/\/torrellesisart.cat\/es\/wp-json\/wp\/v2\/media\/71"}],"wp:attachment":[{"href":"http:\/\/torrellesisart.cat\/es\/wp-json\/wp\/v2\/media?parent=19"}],"curies":[{"name":"wp","href":"https:\/\/api.w.org\/{rel}","templated":true}]}}

Los instrumentos musicales, las herramientas para hacer música

<p>¿Por qué suena un instrumento musical? ¿Qué materiales intervienen? ¿Qué maderas? ¿Cómo se construye?</p>
<p>Todas estas preguntas tienen respuesta en una charla amena, lúdica y divertida sobre los instrumentos musicales de la mano de Martí Romero, luthier y profesor de construcción de instrumentos musicales de la Escola Municipal d’ Art i Disseny de Terrassa.</p>
<p><a href="/wp-content/uploads/2014/05/Nickelharpa-Saltiri-darquet-i-Viola-de-roda.jpg"><img decoding="async" loading="lazy" src="/wp-content/uploads/2014/05/Nickelharpa-Saltiri-darquet-i-Viola-de-roda-290x300.jpg" alt="Nickelharpa-Saltiri-d&#039;arquet-i-Viola-de-roda" width="290" height="300" class="alignnone size-medium wp-image-21" srcset="http://torrellesisart.cat/wp-content/uploads/2014/05/Nickelharpa-Saltiri-darquet-i-Viola-de-roda-290x300.jpg 290w, http://torrellesisart.cat/wp-content/uploads/2014/05/Nickelharpa-Saltiri-darquet-i-Viola-de-roda.jpg 416w" sizes="(max-width: 290px) 100vw, 290px" /></a></p>
<p>La charla tiene una duración de 1h a 1:30 h donde los alumnos podrán aprender y manipular distintos materiales usados en la construcción de instrumentos musicales. Al final de la sesión se hará una pequeña audición de instrumentos ya realizados y de presencia poco usual como la zanfona, el tambor de cuerdas (chicotén), el salterio de arco o la nyckelharpa.</p>
<p>Los alumnos interactúan y participan de la charla y pueden preguntar cualquier cuestión sobre el tema. La conferencia está indicada para las asignaturas de música y tecnología.</p>
<p>La sesión se puede desarrollar en cualquier espacio o aula donde los alumnos puedan estar sentados, i no precisa de ningún soporte técnico ni informático.</p>

<p>¿Por qué suena un instrumento musical? ¿Qué materiales intervienen? ¿Qué maderas? ¿Cómo se construye? Todas estas preguntas tienen respuesta en una charla amena, lúdica y divertida sobre los instrumentos musicales <a class="more-link" href="http://torrellesisart.cat/es/los-instrumentos-musicales-las-herramientas-para-hacer-musica/">Leer m&aacute;s &rarr;</a></p>
