{"id":18,"date":"2014-05-22T16:28:15","date_gmt":"2014-05-22T15:28:15","guid":{"rendered":"http:\/\/localhost\/torrelleswp\/?page_id=18"},"modified":"2014-05-27T13:11:33","modified_gmt":"2014-05-27T12:11:33","slug":"visites-escolars","status":"publish","type":"page","link":"http:\/\/torrellesisart.cat\/es\/visitas-escolares\/","title":{"rendered":"Visitas escolares"},"content":{"rendered":"<p>Visita al taller del luthier<\/p>\n<p>Dentro de las actividades del taller se ofrecen una serie de visitas escolares dirigidas a todas las edades, des de la primaria a la secundaria. La visita la taller del luthier es una charla de una duraci\u00f3n de 1h a 1:30h i est\u00e1 dirigida tanto a alumnos de la asignatura de m\u00fasica como a  alumnos de tecnolog\u00eda. Los asistentes siguen la conferencia sentados.<\/p>\n<p>La charla consta de dos partes. La primera donde se explica el proceso constructivo de los instrumentos musicales y la segunda donde se hace una demostraci\u00f3n de c\u00f3mo suenan instrumentos tan poco habituales como el chicot\u00e9n, el salterio, la nyckelharpa  o la zanfona.<\/p>\n<p>El acto es muy atractivo y los alumnos tienen la ocasi\u00f3n de poder ver y tocar los materiales y participar de la charla.<\/p>\n<\/p>\n<p>Cabe la posibilidad de hacer esta conferencia en el propio centro escolar <a href=\"\/es\/los-instrumentos-musicales-las-herramientas-para-hacer-musica\/\" title=\"Los instrumentos musicales, las herramientas de hacer m\u00fasica\" target=\"_blank\">(ver: Los instrumentos musicales, las herramientas de hacer m\u00fasica)<\/a>.<\/p>\n","protected":false},"excerpt":{"rendered":"<p>Visita al taller del luthier Dentro de las actividades del taller se ofrecen una serie de visitas escolares dirigidas a todas las edades, des de la primaria a la secundaria. <a class=\"more-link\" href=\"http:\/\/torrellesisart.cat\/es\/visitas-escolares\/\">Leer m&aacute;s &rarr;<\/a><\/p>\n","protected":false},"author":1,"featured_media":69,"parent":0,"menu_order":0,"comment_status":"closed","ping_status":"closed","template":"","meta":{"footnotes":""},"_links":{"self":[{"href":"http:\/\/torrellesisart.cat\/es\/wp-json\/wp\/v2\/pages\/18"}],"collection":[{"href":"http:\/\/torrellesisart.cat\/es\/wp-json\/wp\/v2\/pages"}],"about":[{"href":"http:\/\/torrellesisart.cat\/es\/wp-json\/wp\/v2\/types\/page"}],"author":[{"embeddable":true,"href":"http:\/\/torrellesisart.cat\/es\/wp-json\/wp\/v2\/users\/1"}],"replies":[{"embeddable":true,"href":"http:\/\/torrellesisart.cat\/es\/wp-json\/wp\/v2\/comments?post=18"}],"version-history":[{"count":2,"href":"http:\/\/torrellesisart.cat\/es\/wp-json\/wp\/v2\/pages\/18\/revisions"}],"predecessor-version":[{"id":70,"href":"http:\/\/torrellesisart.cat\/es\/wp-json\/wp\/v2\/pages\/18\/revisions\/70"}],"wp:featuredmedia":[{"embeddable":true,"href":"http:\/\/torrellesisart.cat\/es\/wp-json\/wp\/v2\/media\/69"}],"wp:attachment":[{"href":"http:\/\/torrellesisart.cat\/es\/wp-json\/wp\/v2\/media?parent=18"}],"curies":[{"name":"wp","href":"https:\/\/api.w.org\/{rel}","templated":true}]}}

<p>Visita al taller del luthier</p>
<p>Dentro de las actividades del taller se ofrecen una serie de visitas escolares dirigidas a todas las edades, des de la primaria a la secundaria. La visita la taller del luthier es una charla de una duración de 1h a 1:30h i está dirigida tanto a alumnos de la asignatura de música como a  alumnos de tecnología. Los asistentes siguen la conferencia sentados.</p>
<p>La charla consta de dos partes. La primera donde se explica el proceso constructivo de los instrumentos musicales y la segunda donde se hace una demostración de cómo suenan instrumentos tan poco habituales como el chicotén, el salterio, la nyckelharpa  o la zanfona.</p>
<p>El acto es muy atractivo y los alumnos tienen la ocasión de poder ver y tocar los materiales y participar de la charla.</p>
</p>
<p>Cabe la posibilidad de hacer esta conferencia en el propio centro escolar <a href="/es/los-instrumentos-musicales-las-herramientas-para-hacer-musica/" title="Los instrumentos musicales, las herramientas de hacer música" target="_blank">(ver: Los instrumentos musicales, las herramientas de hacer música)</a>.</p>
